{"id":5,"date":"2020-05-06T02:27:46","date_gmt":"2020-05-06T02:27:46","guid":{"rendered":"http:\/\/jacqueslavoieconstruction.com\/?page_id=5"},"modified":"2021-01-14T23:19:57","modified_gmt":"2021-01-15T04:19:57","slug":"test-2","status":"publish","type":"page","link":"https:\/\/jacqueslavoieconstruction.com\/?page_id=5","title":{"rendered":"Contactez-nous"},"content":{"rendered":"\n<p><strong>Par t\u00e9l\u00e9phone au :<\/strong><\/p>\n\n\n\n<p>(418) 598-9398<\/p>\n\n\n\n<h4 class=\"wp-block-heading\">Par t\u00e9l\u00e9copieur au :<\/h4>\n\n\n\n<p>(418) 598-9497<\/p>\n\n\n\n<h4 class=\"wp-block-heading\">Par e-mail au :<\/h4>\n\n\n\n<p><a href=\"mailto:JL@JacquesLavoieConstruction.com\">JL@JacquesLavoieConstruction.com<\/a><\/p>\n\n\n\n<figure><iframe loading=\"lazy\" width=\"594\" height=\"700\" src=\"https:\/\/maps.google.ca\/maps?ie=UTF8&amp;cid=17184428697078737430&amp;q=Jacques+Lavoie+Construction&amp;gl=CA&amp;hl=fr&amp;t=h&amp;ll=47.186592,-70.22109&amp;spn=0.010208,0.012746&amp;z=16&amp;iwloc=A&amp;output=embed\"><\/iframe><\/figure>\n\n\n\n<p><\/p>\n","protected":false},"excerpt":{"rendered":"<p>Par t\u00e9l\u00e9phone au : (418) 598-9398 Par t\u00e9l\u00e9copieur au : (418) 598-9497 Par e-mail au : JL@JacquesLavoieConstruction.com<\/p>\n","protected":false},"author":1,"featured_media":0,"parent":0,"menu_order":0,"comment_status":"closed","ping_status":"closed","template":"","meta":{"footnotes":""},"class_list":["post-5","page","type-page","status-publish","hentry"],"_links":{"self":[{"href":"https:\/\/jacqueslavoieconstruction.com\/index.php?rest_route=\/wp\/v2\/pages\/5","targetHints":{"allow":["GET"]}}],"collection":[{"href":"https:\/\/jacqueslavoieconstruction.com\/index.php?rest_route=\/wp\/v2\/pages"}],"about":[{"href":"https:\/\/jacqueslavoieconstruction.com\/index.php?rest_route=\/wp\/v2\/types\/page"}],"author":[{"embeddable":true,"href":"https:\/\/jacqueslavoieconstruction.com\/index.php?rest_route=\/wp\/v2\/users\/1"}],"replies":[{"embeddable":true,"href":"https:\/\/jacqueslavoieconstruction.com\/index.php?rest_route=%2Fwp%2Fv2%2Fcomments&post=5"}],"version-history":[{"count":4,"href":"https:\/\/jacqueslavoieconstruction.com\/index.php?rest_route=\/wp\/v2\/pages\/5\/revisions"}],"predecessor-version":[{"id":501,"href":"https:\/\/jacqueslavoieconstruction.com\/index.php?rest_route=\/wp\/v2\/pages\/5\/revisions\/501"}],"wp:attachment":[{"href":"https:\/\/jacqueslavoieconstruction.com\/index.php?rest_route=%2Fwp%2Fv2%2Fmedia&parent=5"}],"curies":[{"name":"wp","href":"https:\/\/api.w.org\/{rel}","templated":true}]}}